er?
False
Is 638273011 a prime number?
False
Is 30480432181 a composite number?
True
Is 2056819241 composite?
True
Is 63662073191 a prime number?
False
Is 603235331 composite?
True
Is 10503512771 composite?
False
Is 922268707 prime?
False
Is 314646697 composite?
True
Is 3271990177 composite?
False
Is 51350834669 a composite number?
True
Is 1258033169 prime?
True
Is 560736559 composite?
True
Is 6565840123 a composite number?
True
Is 1024402277 a composite number?
False
Is 41614325705 composite?
True
Is 273190397 composite?
True
Is 171052159 composite?
True
Is 11770806617 composite?
False
Is 1231490581 prime?
False
Is 319120891 prime?
False
Is 837258369 prime?
False
Is 5340853379 a composite number?
True
Is 11922770669 composite?
False
Is 6186552709 a prime number?
True
Is 17903435873 prime?
False
Is 26178333851 composite?
True
Is 12565010863 a prime number?
False
Is 2546083127 prime?
False
Is 4489890569 prime?
False
Is 3529562527 prime?
True
Is 39948094507 a prime number?
True
Is 56412599 prime?
True
Is 1429984169 prime?
True
Is 348982397 a composite number?
False
Is 64100098291 composite?
True
Is 612005309 prime?
True
Is 5256929971 a composite number?
True
Is 1799428567 a composite number?
True
Is 917271389 prime?
True
Is 25389812257 a composite number?
False
Is 21407700233 prime?
True
Is 2436711821 a composite number?
False
Is 929014547 composite?
False
Is 23353097177 prime?
False
Is 317281091 prime?
True
Is 55364374409 prime?
True
Is 1575641941 prime?
True
Is 55524937049 composite?
False
Is 3590702705 a prime number?
False
Is 6199912007 a prime number?
True
Is 345218493 a composite number?
True
Is 127987987 composite?
True
Is 3011354627 a prime number?
False
Is 114917863 composite?
False
Is 847571987 a composite number?
True
Is 24598219757 a composite number?
False
Is 3524742211 a composite number?
True
Is 41304301601 a composite number?
False
Is 759416159 prime?
True
Is 5105605201 a prime number?
False
Is 311107281 prime?
False
Is 11273749967 a prime number?
True
Is 19318390409 prime?
True
Is 72264160231 a composite number?
False
Is 60554134567 a composite number?
True
Is 1472066593 prime?
False
Is 6814260469 a prime number?
True
Is 237809329 prime?
False
Is 5930646847 composite?
False
Is 13371169621 prime?
False
Is 23091248591 a prime number?
True
Is 107831545163 a prime number?
True
Is 2660751077 a composite number?
False
Is 495203977 composite?
False
Is 11770761941 a composite number?
True
Is 31356364121 prime?
True
Is 1689990769 composite?
False
Is 68315484683 prime?
True
Is 5843549713 prime?
False
Is 3336929209 prime?
True
Is 2370663683 prime?
True
Is 102016168363 prime?
False
Is 3638117647 a prime number?
False
Is 1208676647 a prime number?
False
Is 89324190041 a composite number?
False
Is 426624691 a prime number?
True
Is 17808343333 prime?
False
Is 5421916919 prime?
True
Is 22313927767 prime?
False
Is 2001595019 a composite number?
True
Is 662975881 a prime number?
False
Is 1308774821 composite?
False
Is 22024931219 a prime number?
False
Is 638620559 a prime number?
True
Is 271766603 a composite number?
False
Is 16181403081 a composite number?
True
Is 13424252507 composite?
False
Is 2892141277 prime?
True
Is 6687900643 a prime number?
True
Is 8559580723 a composite number?
True
Is 3023839729 prime?
True
Is 583844137 a prime number?
True
Is 258473454737 composite?
True
Is 2836715867 a composite number?
True
Is 44304239143 prime?
True
Is 2107094293 a composite number?
False
Is 261246849 a prime number?
False
Is 6142708499 composite?
True
Is 159843400769 a composite number?
True
Is 59825254283 composite?
False
Is 3959747387 a composite number?
False
Is 50647703231 prime?
True
Is 49368811 prime?
False
Is 28536870331 a prime number?
False
Is 21311831657 prime?
False
Is 45096244561 a prime number?
True
Is 10185142727 composite?
False
Is 578392449 a prime number?
False
Is 846590143 prime?
False
Is 399800209 prime?
True
Is 236475469 prime?
True
Is 13335264563 a composite number?
True
Is 572115043 prime?
False
Is 121340810753 a composite number?
False
Is 605761573 a composite number?
True
Is 721637759 a prime number?
True
Is 4770886181 a prime number?
True
Is 1037408507 composite?
False
Is 51686452834 prime?
False
Is 14794098067 prime?
False
Is 1651532981 a prime number?
False
Is 6732663493 composite?
True
Is 2226122567 a composite number?
False
Is 1196642261 a composite number?
False
Is 1612763843 a prime number?
False
Is 20762143193 composite?
True
Is 393958337 prime?
True
Is 887057477 a composite number?
False
Is 2906112611 composite?
True
Is 3954844759 a composite number?
True
Is 156764555 a composite number?
True
Is 3724739911 a prime number?
False
Is 359830711 prime?
True
Is 108845923 a composite number?
False
Is 434175073 a composite number?
True
Is 303653477 prime?
True
Is 778353287 prime?
True
Is 23447160211 a composite number?
False
Is 22243390109 a composite number?
False
Is 4860585151 a composite number?
False
Is 69447947 a composite number?
True
Is 5290397681 prime?
True
Is 185002957 prime?
False
Is 32514218171 a prime number?
True
Is 7278150205 composite?
True
Is 186863929753 a composite number?
False
Is 5352020077 a prime number?
False
Is 21527353151 composite?
True
Is 11112516901 a prime number?
False
Is 127291649 composite?
False
Is 744543379 a composite number?
False
Is 14810152135 a composite number?
True
Is 1674728219 prime?
False
Is 304392139 prime?
True
Is 1756593323 composite?
True
Is 85671183361 prime?
False
Is 848292097 prime?
True
Is 51467430319 prime?
True
Is 124190398327 a composite number?
True
Is 208412627 a prime number?
True
Is 131024263 a composite number?
False
Is 2739171823 composite?
True
Is 10058938961 composite?
True
Is 107554621 prime?
True
Is 1298854805 a composite number?
True
Is 3193207033 composite?
False
Is 2518684442 prime?
False
Is 24644792287 composite?
True
Is 20978969591 composite?
True
Is 142526250941 a prime number?
True
Is 6933207019 a composite number?
True
Is 5847392387 a prime number?
True
Is 4707831911 composite?
True
Is 1331396141 composite?
False
Is 15673846153 prime?
False
Is 3727695541 a prime number?
True
Is 197533094615 composite?
True
Is 1571287747 a prime number?
False
Is 50378303719 prime?
False
Is 420865007 composite?
True
Is 874654561 a composite number?
True
Is 12065358073 a prime number?
True
Is 89873193359 prime?
True
Is 153806603 composite?
False
Is 73025199277 a composite number?
False
Is 878778449 composite?
True
Is 1171909099 a prime number?
False
Is 1922948023 prime?
True
Is 3787005143 a composite number?
False
Is 2193359099 a prime number?
False
Is 50482104313 prime?
False
Is 101774656043 composite?
False
Is 239228623 a prime number?
True
Is 1907415163 a prime number?
True
Is 1580421173 composite?
False
Is 8835865513 a composite number?
True
Is 244355387 a prime number?
False
Is 329642993 prime?
False
Is 303089663 a prime number?
False
Is 5617835486 composite?
True
Is 28345963199 prime?
True
Is 6575607893 composite?
False
Is 2738151323 a composite number?
False
Is 4286811497 a prime number?
True
Is 2501377471 prime?
True
Is 716471731 composite?
False
Is 25824415997 composite?
False
Is 759247661 a prime number?
True
Is 72600277 a prime number?
True
Is 2767708039 prime?
True
Is 165628759 prime?
False
Is 7862285599 a prime number?
False
Is 760291541 a composite number?
True
Is 60791154781 a prime number?
False
Is 175926729157 prime?
True
Is 64378074017 composite?
False
Is 1617575749 a composite number?
False
Is 488171459 composite?
True
Is 64754244773 a prime number?
True
Is 1417584391 composite?
True
Is 360775091 composite?
False
Is 22028939 composite?
True
Is 5135859271 a prime number?
False
Is 3926720453 composite?
True
Is 886494757 a composite number?
False
Is 220650696157 a composite number?
False
Is 100848186655 a composite number?
True
Is 1706265359 prime?
True
Is 13929761407 a prime number?
True
Is 1483538251 a prime number?
False
Is 12610457627 composite?
False
Is 19141976521 composite?
False
Is 518167611055 a composite number?
True
Is 60564467 a prime number?
True
Is 1306977029 prime?
True
Is 108780511579 a composite number?
True
Is 181943275913 a prime number?
False
Is 1237385911 a composite number?
True
Is 809914223 a composite number?
False
Is 66613143